Let b be ((-8)/10)/((-2)/10). Suppose i + 63 = 4*i + b*a, -5*a = 0. Let r = i - 14. Calculate the remainder when 20 is divided by r.
6
Suppose -4*c - 4*n = -28, c + 3*n = -4*c + 27. Calculate the remainder when 9 is divided by c.
0
Suppose 0 = 2*c + s - 43, 26 + 0 = c - s. What is the remainder when c is divided by 6?
5
Let k be 3 + 1/(-1 + 2). Suppose -3*n = -4*n + k. What is the remainder when n is divided by 2?
0
Let j(m) = 6*m - 4. Let y be j(-4). Let v(f) = -f**2 - 20*f - 13. Let o be v(-20). Let d = o - y. What is the remainder when 57 is divided by d?
12
Let i(c) be the first derivative of -c**4/4 + c**2/2 + 30*c + 6. Calculate the remainder when i(0) is divided by 16.
14
Let t be (15 + 0)*(13 - 1). Suppose 5*n - t = n. Let p = 61 - 38. Calculate the remainder when n is divided by p.
22
Suppose 3*k + 3*k - 90 = 0. Suppose 2*l = 2*s - 6, s + 0*l + 4*l = 13. What is the remainder when k is divided by 2/s + (-38)/(-5)?
7
Suppose -4 + 10 = 3*y. Suppose -2*v = v + 3, -l + 21 = y*v. Suppose -5*o - 3*h = -71, 4*o - 3*h - 10 = 36. Calculate the remainder when l is divided by o.
10
Let m(a) = 3*a - 17. Let x = 6 - 0. Calculate the remainder when m(11) is divided by x.
4
Suppose -7*y + 269 = 52. What is the remainder when 121 is divided by y?
28
Let s(l) = l**3 - 9*l**2 + 7*l + 7. Let g be s(8). Let o(d) = -26*d - 1. What is the remainder when o(g) is divided by 14?
11
Suppose -3*q + 12 = -36. Let d = -13 - -22. Calculate the remainder when q is divided by d.
7
Suppose 4*k = 2*a - k - 64, 140 = 4*a - 4*k. Calculate the remainder when a is divided by 10.
7
Suppose -1 + 13 = -2*w. Let r = w + 11. Suppose 3*k + 6 = r*k. Calculate the remainder when 4 is divided by k.
1
Let z(l) = -3*l - 10. What is the remainder when 24 is divided by z(-8)?
10
Suppose 4*z = 2*q - 60, -q + 4*q - 35 = -5*z. What is the remainder when 39 is divided by q?
19
Let o = 60 + -6. Calculate the remainder when o is divided by 19.
16
Let m(h) = -h**3 - 8*h**2 - 9*h - 9. Calculate the remainder when 8 is divided by m(-7).
3
Calculate the remainder when (-39)/(-2)*((-56)/(-12) - 4) is divided by (-8)/(-36) + 34/9.
1
Suppose -g + 2*g + 18 = -5*n, -4*n - 34 = -2*g. Calculate the remainder when 25 is divided by g.
4
Let d(b) = -2*b**2 + 17*b - 9. What is the remainder when 15 is divided by d(7)?
3
Suppose 3*o - 178 = 56. What is the remainder when o is divided by 20?
18
Suppose 0*o + 4*o + 8 = 0, -4*v + 32 = -2*o. Let b(i) = i**2 + 4*i - 3*i - 1 - 1. Calculate the remainder when v is divided by b(-3).
3
Suppose 4*g - 92 = -0*g. Let u(d) = 4*d - 4. Let a be 4/(-22) - (-105)/33. Calculate the remainder when g is divided by u(a).
7
Let a(y) = -2*y + y**3 - 1 + y + 4*y**2 - 5*y. Let s be a(-5). Suppose -s*n = 5*v - 41, -2*v + 3*n - 3 = -24. Calculate the remainder when 16 is divided by v.
7
Calculate the remainder when 1/(-4) + 39/12 is divided by 4 - (-1)/2*-2.
0
Let a(y) = -y + 7. Calculate the remainder when 10 is divided by a(3).
2
Let y(o) = o + 47. Let v(a) = a**3 + 3*a**2 + 3*a + 2. Let b be v(-2). What is the remainder when y(b) is divided by 16?
15
What is the remainder when (-453)/(3 - (2 + 4)) is divided by 22?
19
Suppose -6*k + 42 = k. What is the remainder when k is divided by 3?
0
Suppose -z + 5*z = -4*h + 20, -5*h = -3*z - 17. Suppose 23 + h = 3*n. Let g = -47 + 63. What is the remainder when g is divided by n?
7
Let d(q) = -q + 14. Let v be d(12). Suppose 3*n + m = 64, 5*n = v*m - m + 104. What is the remainder when n is divided by 6?
3
Suppose 10*o - 131 = 29. What is the remainder when 59 is divided by o?
11
Calculate the remainder when 27 is divided by (4/(-2))/((-8)/96*4).
3
Suppose -j = 2, n + 2*j + 0 = 32. Suppose -5*y - 5*g + 40 = 0, -4*y + g = y - 70. Calculate the remainder when n is divided by y.
10
Let r be (2/(-5))/(1/5). Let j = -15 + 21. Calculate the remainder when r/7 - 158/(-14) is divided by j.
5
Suppose u + 84 = 5*u. Let o = 149 + -87. What is the remainder when o is divided by u?
20
Suppose 0 = -9*z + 6*z + 33. Calculate the remainder when 19 is divided by z.
8
Let f(o) = o**2 - o. Let g(z) = -3*z**2 - 1. Let v(w) = -4*f(w) - g(w). Let q be v(3). Suppose q*y - 14 = 18. Calculate the remainder when y is divided by 5.
3
Suppose -4*i - 5*r + 0*r = -34, 0 = 3*i + r - 31. Calculate the remainder when i is divided by 7.
4
Let n be (2 + -1)/1 + 3. Let m(a) = 2*a**2 - 4*a + 5. What is the remainder when m(n) is divided by 21/(-35) + 116/10?
10
Let h = 38 - 19. Let f(i) = -34*i**3 + i**2 - i - 1. Calculate the remainder when f(-1) is divided by h.
16
Let m be 3/(-6) - 42/(-4). Suppose 25 = 5*h - m. Calculate the remainder when h is divided by 2.
1
Suppose -6*w + 38 = -4. Calculate the remainder when 34 is divided by w.
6
What is the remainder when 2 + (-15)/5 + 96 is divided by 14?
11
Let u(h) = h**3 + 11*h**2 + 7*h - 7. Let n(g) = 0*g**2 - g**2 + 2 - 2*g**2 + g**2 + 2*g. Let r be n(-2). What is the remainder when u(r) is divided by 12?
11
Suppose -3*y + 3*x + 0*x = -168, -59 = -y + 4*x. Calculate the remainder when y is divided by 14.
13
Let s(n) = 21*n - 152. What is the remainder when (1*94)/(2*1) is divided by s(8)?
15
Suppose -3*t + 91 = 1. Suppose 34 = 3*o + 3*f - 14, 2*o + f - t = 0. What is the remainder when o is divided by 8?
6
Suppose m + 17 = 4*b, 9*b - 4*b - 3*m - 30 = 0. What is the remainder when (82/b)/(10/15) is divided by 22?
19
Let b be (-46)/(-6) - (-2)/6. Let o(j) = -j**3 + 7*j**2 + 10*j - 12. Let x be o(b). What is the remainder when 52 is divided by 16 + 6/(x - 1)?
16
Let m(j) = 60*j. What is the remainder when m(1) is divided by 16?
12
Let f(k) = k**3 - 1. Let j be f(1). Suppose j = 4*b - 255 + 7. Calculate the remainder when b/(-4)*(0 - 2) is divided by 11.
9
Let x = -7 - -21. Calculate the remainder when x is divided by 4.
2
Let u be ((-3)/4)/((-3)/12). Suppose -6*l - 12 = -s - u*l, 3*s - 5*l - 24 = 0. Suppose -128 = -s*d - d. What is the remainder when d is divided by 17?
15
Suppose 2*u = -u + 69. Let z = u - 11. What is the remainder when 35 is divided by z?
11
Let v = -71 + 34. Let u = -15 - v. Calculate the remainder when 64 is divided by u.
20
Let v be (-4)/3 - 18/27. Let o = -2 - v. Suppose z + o*z - 41 = 0. What is the remainder when z is divided by 14?
13
Let k = 4 - -1. Let r(v) = 2*v**2 - 3*v + 4. Calculate the remainder when r(k) is divided by 21.
18
Let z be 2/(-5) - (-22)/5. Suppose 0 = z*p + 12, 0*j + 2*j - 5*p = 45. What is the remainder when 59 is divided by j?
14
Suppose 0 = m + 4 - 20. What is the remainder when 114/4 + 2/(-4) is divided by m/(1 - 0) - 1?
13
Let q = 121 + -104. Calculate the remainder when 27 is divided by q.
10
Let t = 0 + 1. Suppose 2*v = 3 - 1. What is the remainder when v is divided by t?
0
What is the remainder when 89 is divided by 1*(2 - -10) + 3 + 3?
17
Let x(y) = -y**3 - 9*y**2 - 4*y + 10. What is the remainder when x(-9) is divided by 24?
22
Let g(q) = 4*q**2 - 5*q - 2. Let l(u) = 3*u**2 - u + 1. Calculate the remainder when g(4) is divided by l(-2).
12
Let q(s) = -s**3 + 5*s**2 - 3*s + 6. Suppose 3*y + 23 + 7 = 0. Let a be (4/y)/((-1)/10). Calculate the remainder when 28 is divided by q(a).
8
Let z = 1 + 5. Let w(d) = 2*d - 6 - z*d - 4*d + d. Calculate the remainder when w(-4) is divided by 8.
6
Let z(w) = -w**3 - 3*w**2 + 5*w + 6. Suppose 7*v - 11*v = 16. Calculate the remainder when 4 is divided by z(v).
0
What is the remainder when 4/(-6) - 717/(-9) is divided by 20?
19
Let h = 13 + 0. Suppose 0 = c - h + 5. What is the remainder when c is divided by 3?
2
Suppose -7*g = -2*g - 290. What is the remainder when g is divided by ((-30)/(-4))/((-14)/4 + 4)?
13
Let c(l) = l**3 - 2*l**2 - l - 5. What is the remainder when c(4) is divided by 9?
5
Let i(g) be the first derivative of -g**4/4 + 2*g**3/3 + g**2 - 2. What is the remainder when 10 is divided by i(2)?
2
What is the remainder when 122 is divided by 2*(155/(-2))/(-5)?
29
What is the remainder when 18 is divided by ((-80)/64)/((-2)/8)?
3
Let m be 26/22 - (-12)/(-66). Calculate the remainder when (-50)/(-15)*(2 + m) is divided by 3 - (3 + -6 + 2).
2
Let f(s) = -17*s**3 + s. What is the remainder when 72 is divided by f(-1)?
8
Let r = 28 + -18. Calculate the remainder when r is divided by 7.
3
What is the remainder when 164/24*1 - 1/(-